{"id":169,"date":"2014-04-10T20:52:08","date_gmt":"2014-04-10T18:52:08","guid":{"rendered":"http:\/\/www.informatyka.slowacki.edu.pl\/?page_id=169"},"modified":"2014-04-10T21:04:52","modified_gmt":"2014-04-10T19:04:52","slug":"osiagniecia","status":"publish","type":"page","link":"https:\/\/informatyka.slowacki.edu.pl\/?page_id=169","title":{"rendered":"Osi\u0105gni\u0119cia"},"content":{"rendered":"<p style=\"text-align: center; color: #517fb3; font-size: large;\"><b>OSI\u0104GNI\u0118CIA UCZNI\u00d3W Z PRZEDMIOTU INFORMATYKA<\/b><\/p>\n<p style=\"text-align: justify;\"><b>2002 r.<\/b><br \/>Mariusz Rodze\u0144 wygra\u0142 \u015al\u0105ski Konkurs Informatyczny INTERSIE\u0106<br \/><b>OPIEKUN:<\/b> mgr Wojciech M. Kwa\u015bny<\/p>\n<p style=\"text-align: justify;\"><b>2003 r.<\/b><br \/>Mariusz Rodze\u0144 wygra\u0142 Og\u00f3lnopolski Konkurs Informatyczny INTERSIE\u0106<br \/><b>OPIEKUN:<\/b> mgr Wojciech M. Kwa\u015bny<\/p>\n<p style=\"text-align: justify;\"><b>2006 r.<\/b><br \/>Uczniowie: Mateusz Kocielski, Sebastian Mikicki, S\u0142awomir Zag\u00f3rski oraz Grzegorz P\u0105czek (19 lat) i Tomasz Ry\u015b (19 lat) uzyskali wyr\u00f3\u017cnienie w og\u00f3lnopolskim projekcie Bezpiecze\u0144stwo w sieci organizowanym przez Telekomunikacj\u0119 Polsk\u0105 S. A.<br \/><b>OPIEKUN:<\/b> mgr Wojciech M. Kwa\u015bny<\/p>\n<p style=\"text-align: justify;\"><b>2006 r.<\/b><br \/>Marcin Ko\u015bcielnicki uzyska\u0142 tytu\u0142 finalisty Og\u00f3lnopolskiej Olimpiady Informatycznej<br \/><b>OPIEKUN:<\/b> mgr Wojciech M. Kwa\u015bny<\/p>\n<p style=\"text-align: justify;\"><b>2007 r.<\/b><br \/>Marcin Ko\u015bcielnicki zdoby\u0142 srebrny medal Og\u00f3lnopolskiej Olimpiady Informatycznej<br \/><b>OPIEKUN:<\/b> mgr Wojciech M. Kwa\u015bny<\/p>\n<p style=\"text-align: justify;\"><b>2008 r.<\/b><br \/>Marcin Ko\u015bcielnicki wygra\u0142 Mi\u0119dzynarodow\u0105  Olimpiad\u0119 Informatyczn\u0105<br \/><b>OPIEKUN:<\/b> mgr Wojciech M. Kwa\u015bny<\/p>\n<p style=\"text-align: justify;\"><b>2010 r.<\/b><br \/>Wojciech LIS zaj\u0105\u0142 trzecie miejsce w finale Olimpiady Informatycznej w roku szkolnym <br \/><b>OPIEKUN:<\/b> mgr Wojciech M. Kwa\u015bny<\/p>\n","protected":false},"excerpt":{"rendered":"<p>OSI\u0104GNI\u0118CIA UCZNI\u00d3W Z PRZEDMIOTU INFORMATYKA 2002 r.Mariusz Rodze\u0144 wygra\u0142 \u015al\u0105ski Konkurs Informatyczny INTERSIE\u0106OPIEKUN: mgr Wojciech M. Kwa\u015bny 2003 r.Mariusz Rodze\u0144 wygra\u0142 Og\u00f3lnopolski Konkurs Informatyczny INTERSIE\u0106OPIEKUN: mgr Wojciech M. Kwa\u015bny 2006 r.Uczniowie: Mateusz Kocielski, Sebastian Mikicki, S\u0142awomir Zag\u00f3rski oraz Grzegorz P\u0105czek (19 lat) i Tomasz Ry\u015b (19 lat) uzyskali wyr\u00f3\u017cnienie w og\u00f3lnopolskim projekcie Bezpiecze\u0144stwo w sieci [&hellip;]<\/p>\n","protected":false},"author":1,"featured_media":0,"parent":0,"menu_order":0,"comment_status":"open","ping_status":"open","template":"","meta":{"footnotes":""},"class_list":["post-169","page","type-page","status-publish","hentry"],"_links":{"self":[{"href":"https:\/\/informatyka.slowacki.edu.pl\/index.php?rest_route=\/wp\/v2\/pages\/169","targetHints":{"allow":["GET"]}}],"collection":[{"href":"https:\/\/informatyka.slowacki.edu.pl\/index.php?rest_route=\/wp\/v2\/pages"}],"about":[{"href":"https:\/\/informatyka.slowacki.edu.pl\/index.php?rest_route=\/wp\/v2\/types\/page"}],"author":[{"embeddable":true,"href":"https:\/\/informatyka.slowacki.edu.pl\/index.php?rest_route=\/wp\/v2\/users\/1"}],"replies":[{"embeddable":true,"href":"https:\/\/informatyka.slowacki.edu.pl\/index.php?rest_route=%2Fwp%2Fv2%2Fcomments&post=169"}],"version-history":[{"count":7,"href":"https:\/\/informatyka.slowacki.edu.pl\/index.php?rest_route=\/wp\/v2\/pages\/169\/revisions"}],"predecessor-version":[{"id":177,"href":"https:\/\/informatyka.slowacki.edu.pl\/index.php?rest_route=\/wp\/v2\/pages\/169\/revisions\/177"}],"wp:attachment":[{"href":"https:\/\/informatyka.slowacki.edu.pl\/index.php?rest_route=%2Fwp%2Fv2%2Fmedia&parent=169"}],"curies":[{"name":"wp","href":"https:\/\/api.w.org\/{rel}","templated":true}]}}